 remainder when x is divided by (10/(-1))/((-1)/2)?
19
Let p(l) = 4*l**2 - 10*l + 8. What is the remainder when p(5) is divided by 20?
18
What is the remainder when 16 is divided by (-7 + 8)/((-1)/(-11))?
5
Suppose 86 = 6*o - 106. Let s = o + -19. Calculate the remainder when 47 is divided by s.
8
Let a = 4 - -7. Suppose -2 = y - a. Calculate the remainder when y is divided by 5.
4
Let x(g) = -g**2 + 7*g + 5. Suppose -5 = -2*h - 0*h - 3*w, 3*w = 2*h - 11. What is the remainder when x(h) is divided by 9?
8
Suppose 3*q = 5*m + 117, -5*q + m + 41 = -132. Let r(z) = 2*z**2 + 3*z + 3*z**3 - 4*z**2 - 2*z. What is the remainder when q is divided by r(2)?
16
Let t(n) = 2*n**2 - 2*n + 3. Let s be t(3). Let j = -11 + s. What is the remainder when 14 is divided by j?
2
Let t(s) = -82*s**2 + 2*s - 1. Let p be t(1). What is the remainder when 39 is divided by p/(-4) + 2/(-8)?
19
Let g(t) be the second derivative of -t**4/6 + t**3/6 + t**2/2 - t. Let o be g(-1). Let s = -1 - o. Calculate the remainder when s is divided by 1.
0
Suppose -5*o + 15 = -0*o. What is the remainder when (22 - 9)/(1/o) is divided by 21?
18
Suppose 2*u + 15 = -u. Let h(d) = -3*d - 3. Let l(q) = -2*q - 2. Let v(k) = u*l(k) + 4*h(k). What is the remainder when 34 is divided by v(-7)?
10
Suppose -n - 4*v + 43 = -9*v, 0 = -4*n + v + 248. What is the remainder when n is divided by 13?
11
Let q(z) = 2 - 2 + 2*z - 3 - 8. Let h(d) = -2*d**3 - d**2 + 3*d + 2. Let j be h(-2). What is the remainder when 13 is divided by q(j)?
3
Let t(g) = -14*g**3 - g**2 - 2*g - 1. Calculate the remainder when (-245)/(-10) - (-2)/4 is divided by t(-1).
11
Suppose -2*f = -5*p + 2*p - 56, -p + 18 = f. What is the remainder when 43 is divided by f?
21
Let b(g) = -g + 14. Calculate the remainder when b(7) is divided by 6.
1
Suppose -2*j - 2*u = 60, 2*u - 6*u = 0. Let x = -7 - j. Calculate the remainder when x is divided by 8.
7
Let j = -23 - -41. Let c(u) = 0*u**3 - u**2 + 2*u**2 - 3*u**3 - 7*u**3 + u. Calculate the remainder when j is divided by c(-1).
8
Let z(a) = 2*a - 3 + 2 - a + a**2. Suppose -6 = -2*n - 4. Calculate the remainder when z(n) is divided by 1.
0
Let p be 0/4 + -2 + 142. Suppose 4*w - p = -5*r, -w - 5 - 23 = -r. Calculate the remainder when r is divided by 15.
13
Suppose -f = 3*o - 70, 5*f + 63 + 12 = 2*o. Let u = 33 - o. Calculate the remainder when 14 is divided by u.
6
Suppose -2 = -5*p + 53. Calculate the remainder when 31 is divided by p.
9
Suppose -i + j = -8, 4*j + 12 + 8 = 0. Let a = 24 + -14. Let c = a - 5. What is the remainder when c is divided by i?
2
Suppose -2*j + 0 = -58. Calculate the remainder when 54 is divided by j.
25
Suppose 96 = 2*l + 4*l. What is the remainder when 63 is divided by l?
15
Let j = -67 - -85. Calculate the remainder when 106 is divided by j.
16
What is the remainder when 10 is divided by (-2 - 16)*(-1)/3?
4
Let y = 31 - 4. What is the remainder when 80 is divided by y?
26
Suppose -i - 2*i + 6 = 0. Suppose 0 = i*l + l. Suppose -5*q + 3*o = -l*q - 85, o = -2*q + 34. What is the remainder when 49 is divided by q?
15
Suppose 2*c - 4 = 0, 4*y - 1384 = 2*y + 4*c. What is the remainder when 10/(-2)*y/(-60) is divided by 20?
18
Suppose 0*k + 65 = 3*k - 2*p, p = -3*k + 71. What is the remainder when k is divided by -1 + -14*(-3)/6?
5
Let y = 5 - 3. Suppose y*o = -o - 69. Let t = o - -36. What is the remainder when t is divided by 7?
6
Let s(h) = -h + 11. Let u be s(10). Let k = u - -3. Calculate the remainder when 15 is divided by k.
3
Let b(i) = -i**3 + i**2 - i + 7. Let j be b(0). Let g = -4 + j. Calculate the remainder when g is divided by 5/3 + (-5)/(-15).
1
Suppose 0 = -5*d + s + 90, 3*d + 93 = 7*d - 5*s. Suppose 5*h - 132 = 3*h. Calculate the remainder when h is divided by d.
15
Let g = 12 - 7. Suppose 4 - g = f. Calculate the remainder when 30 is divided by (-15 + 1/(-1))/f.
14
Suppose -42 = 3*l - 168. Calculate the remainder when 82 is divided by l.
40
Let q(p) = 3*p**2 + 4*p. Let b = 8 - 11. What is the remainder when q(b) is divided by -2 + 2 + (-12)/(-2)?
3
Let i be (6/5)/(4/10). Let p be -2 + 0 + (i - -1). Suppose -5*k - 140 = -5*n, 4*n = p*n - k + 56. What is the remainder when n is divided by 15?
13
Let h be (-42)/49 - 1/7. Let q = 3 - h. What is the remainder when 6 is divided by q?
2
Let x(v) = -v**3 - 8*v**2 - v + 2. Calculate the remainder when 28 is divided by x(-8).
8
Let s(w) = w + 32. Let i(k) = 6*k**2 + 0*k - 6 + k**3 + k - 2*k. Let d be i(-6). Calculate the remainder when s(d) is divided by 11.
10
Let j(b) = 4*b**2 - 6*b - 13. Let k(f) = 5*f**2 - 5*f - 14. Let y(i) = 6*j(i) - 5*k(i). What is the remainder when 28 is divided by y(-9)?
8
Let j(i) = 5*i - 20. Let n = -23 + 31. What is the remainder when 56 is divided by j(n)?
16
Suppose -4*c + c + 15 = 0. Calculate the remainder when 16 is divided by c.
1
Let g = -22 - -111. Calculate the remainder when g is divided by 13.
11
Let u be (-2 + 3/3)*-29. Let y = 102 - u. What is the remainder when y is divided by 19?
16
Suppose 6*q - 2*q - l = 252, -63 = -q - 3*l. Calculate the remainder when q is divided by 13.
11
Let l(z) = -z**2 - 11*z + 8. What is the remainder when 88 is divided by l(-10)?
16
What is the remainder when -18*-10*(-12)/(-18) is divided by 31?
27
Suppose -7 = -5*r + 4*j + 55, 2*r - 3*j = 29. Suppose r = 5*t - 5. Suppose 0*c + c = 6. Calculate the remainder when c is divided by t.
0
Let w be 6 - 6 - (3 - -1). Let x(k) = -k**2 - 4*k + 5. Let n be x(w). Let y(a) = -a**2 + 6*a + 3. What is the remainder when y(n) is divided by 5?
3
Let d = 29 + -14. Suppose 0 = -2*z + 3*f - 16, 5*z + f + d = -42. Calculate the remainder when 32 is divided by (-3 - -1*2)*z.
10
Let o be (-36)/(-8)*(-2 - -4). What is the remainder when 35 is divided by 3/o + 106/6?
17
Let h = 39 - 30. Suppose 0*u - 5*u = 3*v + 3, 5*v - 3*u = 29. What is the remainder when h is divided by v?
1
Suppose 3*a + 5*p - 134 = -12, -a = -5*p - 34. Calculate the remainder when a is divided by 8.
7
Let n = -44 + 107. Suppose -d = d + 20. Let u = n + d. What is the remainder when u is divided by 14?
11
Suppose 3*k = 0, 2*h - 2*k = -3*h + 130. Calculate the remainder when (-163 + 10)*4/(-6) is divided by h.
24
Let p be 24/9*(-3)/(-2). Let o = p - -15. What is the remainder when o is divided by 7?
5
Suppose -39 = -3*h - 3*f, -5 = -2*h + 3*f + 1. Suppose -3*m = -h - 24. Calculate the remainder when 30 is divided by m.
8
Suppose 11 + 25 = 2*r. Calculate the remainder when 70 is divided by r.
16
Suppose -24 = -3*d + 3. Let i be 3 + -3 - (5 - 0). What is the remainder when d is divided by i*(-1 + (-1 - -1))?
4
Let i = 2 - -1. Suppose 5*g + 25 = 3*w - 21, -6 = i*g. Suppose 0 = -n + 4*p + w, -2*n + 0*p - 4*p + 24 = 0. What is the remainder when n is divided by 7?
5
Let c(f) be the first derivative of -f**2 - 4*f - 2. Let h(v) = -v - 3. Let s(r) = -3*c(r) + 4*h(r). Calculate the remainder when 40 is divided by s(7).
12
What is the remainder when 3/(-4) - (-2466)/24 is divided by 26?
24
Let d be (-3 - 2)/((-3)/6). What is the remainder when 3096/40 - 4/d is divided by 20?
17
Suppose -3*d + 19 = 2*v, -3*d + 3 = -2*v + 16. Suppose -5*i - v = -m + 15, -m - 7 = 5*i. Let w = -3 + 8. Calculate the remainder when m is divided by w.
3
Suppose 0 = 4*n - 3*l - 47, 5 + 8 = n - 2*l. Calculate the remainder when 64 is divided by n.
9
Let c = -2 - -39. Suppose -7*x = -3*x. Suppose q - 12 - 1 = x. What is the remainder when c is divided by q?
11
Let u(a) = 10*a**2 - a. What is the remainder when 0/1 - -2 - -41 is divided by u(-1)?
10
Let g = -92 + 106. What is the remainder when 36 is divided by g?
8
Let g be (-1)/(-6) - 107*4/(-24). Let w be 1*1/(-2)*10. Let h = g + w. What is the remainder when h is divided by 8?
5
What is the remainder when (-29708)/(-168) + (-2)/(-12) is divided by 45?
42
Let t be 8/6*(-2 - -5). Let y(g) = -g**2 + 9*g + 3. What is the remainder when y(t) is divided by (-24)/(-9)*9/2?
11
Let i(h) = 27*h**3 + h - 2. Calculate the remainder when 103 is divided by i(1).
25
Let n = -2 + -2. Let c = n - -13. What is the remainder when 35 is divided by c?
8
Calculate the remainder when 74 is divided by (110/(-33))/((-2)/15).
24
Suppose t + 0*t - 12 = 0. Suppose 0 = -2*a + 18 + t. What is the remainder when a is divided by 4?
3
Suppose -39 = b 